e greatest common factor of 23970 and 151998?
282
What is the greatest common divisor of 24346 and 13818?
658
What is the highest common divisor of 127840 and 1?
1
What is the greatest common factor of 7425 and 1?
1
Calculate the highest common divisor of 2429352 and 81.
81
What is the greatest common factor of 7337 and 464?
29
What is the greatest common factor of 49555 and 530?
265
Calculate the greatest common factor of 48582 and 288.
18
What is the greatest common divisor of 688 and 12814?
86
Calculate the greatest common factor of 63232 and 36062.
494
What is the highest common factor of 6944 and 114142?
434
What is the greatest common factor of 753696 and 288?
288
Calculate the highest common factor of 16824952 and 8.
8
What is the highest common factor of 500186 and 14368?
898
What is the greatest common factor of 158682 and 20352?
318
What is the greatest common divisor of 1384 and 16?
8
What is the highest common divisor of 1922 and 4?
2
Calculate the greatest common factor of 10 and 196.
2
Calculate the highest common divisor of 3707 and 16379.
11
What is the highest common divisor of 180 and 850824?
36
What is the greatest common factor of 763 and 14279?
109
Calculate the highest common factor of 4145 and 40.
5
Calculate the greatest common divisor of 5824848 and 96.
48
Calculate the highest common divisor of 1800 and 3140.
20
Calculate the greatest common factor of 94 and 39057.
47
Calculate the highest common divisor of 192 and 198.
6
Calculate the greatest common divisor of 1184 and 1005364.
148
Calculate the greatest common divisor of 357 and 2268.
21
Calculate the highest common factor of 12080 and 1264.
16
What is the greatest common divisor of 3462 and 6?
6
Calculate the greatest common factor of 1233765 and 27.
27
Calculate the greatest common divisor of 18011 and 77.
7
Calculate the highest common divisor of 87728 and 304.
16
Calculate the highest common divisor of 2865 and 3555.
15
What is the greatest common factor of 6443 and 68?
17
What is the highest common factor of 459 and 522019?
17
What is the highest common divisor of 15048 and 8550?
342
What is the greatest common divisor of 2205 and 70?
35
What is the greatest common divisor of 8190384 and 48?
48
Calculate the greatest common factor of 1256 and 198134.
314
What is the greatest common divisor of 43307 and 8184?
341
What is the highest common divisor of 195179 and 639?
71
What is the highest common factor of 22036 and 112?
28
What is the highest common divisor of 3047511 and 996?
249
Calculate the greatest common factor of 884 and 1898.
26
What is the highest common divisor of 1272 and 34503?
159
Calculate the greatest common factor of 116947 and 664.
83
What is the greatest common factor of 408 and 574311?
51
What is the greatest common factor of 148262 and 2?
2
What is the greatest common factor of 5076 and 3564?
108
What is the greatest common divisor of 982 and 62848?
982
What is the greatest common factor of 68760 and 49278?
1146
Calculate the highest common factor of 6794366 and 1478.
1478
What is the highest common factor of 321194 and 82?
82
What is the greatest common divisor of 1180705 and 115?
115
Calculate the greatest common factor of 693 and 2475.
99
Calculate the highest common divisor of 660 and 37815.
15
Calculate the greatest common factor of 31165 and 96485.
115
Calculate the highest common factor of 363224 and 8.
8
Calculate the greatest common factor of 13635 and 6015.
15
What is the greatest common factor of 374585 and 190?
95
Calculate the highest common divisor of 2528 and 22528.
32
Calculate the greatest common factor of 2835876 and 12.
12
Calculate the highest common divisor of 12 and 4161.
3
What is the highest common factor of 316 and 231628?
316
Calculate the greatest common divisor of 880 and 824032.
176
Calculate the greatest common factor of 118 and 152987.
59
Calculate the highest common divisor of 384 and 72.
24
What is the highest common factor of 1999840 and 40?
40
What is the greatest common divisor of 3175071 and 228?
57
Calculate the greatest common factor of 18430247 and 209.
209
What is the greatest common divisor of 794 and 1180281?
397
Calculate the highest common divisor of 24408 and 44522.
226
What is the greatest common divisor of 225 and 19197?
9
What is the greatest common factor of 74635 and 230?
115
Calculate the highest common factor of 747 and 17679.
249
Calculate the greatest common factor of 50 and 797.
1
What is the greatest common factor of 11 and 7406377?
11
What is the greatest common divisor of 32996 and 115712?
452
What is the greatest common divisor of 64970 and 1780?
890
Calculate the highest common divisor of 1190 and 156604.
238
Calculate the highest common factor of 1428 and 256326.
714
Calculate the greatest common divisor of 22390 and 10.
10
Calculate the greatest common factor of 15 and 7772925.
15
Calculate the greatest common factor of 18 and 528.
6
Calculate the highest common factor of 95 and 53105.
95
Calculate the greatest common divisor of 143 and 16808.
11
What is the highest common factor of 74 and 3006213?
37
What is the highest common divisor of 170754 and 2235?
447
Calculate the highest common divisor of 14 and 25872.
14
Calculate the greatest common factor of 19 and 1503907.
19
What is the highest common divisor of 50456 and 25704?
952
What is the highest common divisor of 5969370 and 330?
330
Calculate the highest common divisor of 1458 and 5022.
162
Calculate the greatest common divisor of 12524 and 124.
124
What is the greatest common factor of 1632 and 153?
51
What is the greatest common factor of 563 and 2366289?
563
What is the greatest common factor of 16720 and 139040?
880
Calculate the greatest common factor of 1392 and 53302.
58
What is the greatest common factor of 13910 and 1926?
214
Calculate the highest common divisor of 8925 and 4350.
75
Calculate the highest common divisor of 385 and 3.
1
Calculate the highest common divisor of 336 and 1120824.
24
Calculate the greatest common factor of 64 and 25656.
8
What is the highest common divisor of 12 and 54588?
12
Calculate the greatest common divisor of 2178 and 46222.
242
Calculate the highest common factor of 430 and 1806.
86
Calculate the highest common factor of 4988 and 99412.
116
What is the greatest common factor of 230820 and 240?
60
What is the greatest common factor of 13550964 and 1412?
1412
Calculate the greatest common factor of 103955 and 136.
17
What is the highest common divisor of 912749 and 508?
127
Calculate the highest common divisor of 11596 and 1196.
52
Calculate the highest common divisor of 329433 and 429.
39
Calculate the highest common divisor of 841 and 142419.
29
Calculate the greatest common factor of 523111 and 3681.
409
Calculate the highest common divisor of 3836 and 8494.
274
What is the greatest common divisor of 940167 and 864?
27
Calculate the greatest common divisor of 54036 and 468.
36
What is the greatest common divisor of 12312 and 1701?
81
Calculate the greatest common divisor of 15698 and 5177.
167
Calculate the greatest common divisor of 19 and 116375.
19
What is the greatest common factor of 69966 and 270?
18
What is the greatest common factor of 19067 and 23?
23
What is the greatest common factor of 4988 and 12412?
116
What is the greatest common factor of 149 and 339422?
149
What is the greatest common factor of 109720 and 22155?
1055
What is the highest common factor of 2813 and 145?
29
Calculate the highest common divisor of 239 and 489472.
239
Calculate the highest common divisor of 184665 and 195.
195
Calculate the greatest common divisor of 26 and 1407523.
13
Calculate the greatest common factor of 247282 and 85.
17
What is the highest common divisor of 317174 and 143?
143
Calculate the greatest common factor of 94656 and 17.
17
Calculate the greatest common factor of 8 and 37868.
4
Calculate the highest common divisor of 35302 and 266.
38
Calculate the greatest common factor of 2991940 and 142.
142
Calculate the greatest common divisor of 81039 and 2142.
357
Calculate the highest common factor of 1231 and 2.
1
Calculate the greatest common divisor of 2667291 and 617.
617
What is the highest common factor of 165963 and 147?
147
Calculate the highest common divisor of 151